 184211 prime?
True
Is 13303 a prime number?
False
Is 429719 prime?
True
Is 1149857 a composite number?
False
Is 80683 composite?
False
Is 17837 composite?
False
Is 25034 a prime number?
False
Is 55849 a prime number?
True
Is 13085 a composite number?
True
Is 3593 composite?
False
Is 824914 prime?
False
Is 73771 a composite number?
False
Is 3620933 prime?
True
Is 270931 prime?
True
Is 426067 a prime number?
False
Is 40097 composite?
True
Is 132103 prime?
True
Is 3511 prime?
True
Is 106 a prime number?
False
Is 5755 a composite number?
True
Is 1319 composite?
False
Is 43735 prime?
False
Is 1411167 a prime number?
False
Is 140537 a composite number?
True
Is 63569 a prime number?
False
Is 182279 prime?
True
Is 9533 composite?
False
Is 10763 a composite number?
True
Is 3937 composite?
True
Is 73193 a composite number?
True
Is 758311 a composite number?
True
Is 2331557 composite?
False
Is 143449 composite?
True
Is 1490491 a prime number?
False
Is 915133 a composite number?
True
Is 6943 a composite number?
True
Is 25733 a prime number?
True
Is 518347 composite?
True
Is 251891 composite?
True
Is 173807 a composite number?
False
Is 40343 a prime number?
True
Is 297953 a composite number?
False
Is 4334545 a composite number?
True
Is 2400667 a prime number?
True
Is 6953 composite?
True
Is 24223 composite?
False
Is 153247 a composite number?
False
Is 27043 composite?
False
Is 342143 prime?
True
Is 10783 a prime number?
False
Is 841 a prime number?
False
Is 34123 composite?
False
Is 923233 a composite number?
False
Is 258179 composite?
True
Is 20851 a prime number?
False
Is 9197 a prime number?
False
Is 337583 a composite number?
False
Is 35023 prime?
True
Is 170273 a composite number?
True
Is 11287 composite?
False
Is 2579 a prime number?
True
Is 6163 a composite number?
False
Is 168899 a composite number?
False
Is 559777 composite?
False
Is 691 a prime number?
True
Is 29721 prime?
False
Is 144659 a prime number?
True
Is 10579 prime?
False
Is 374761 a composite number?
False
Is 172778 a composite number?
True
Is 109717 a prime number?
True
Is 795749 prime?
False
Is 19561 a prime number?
False
Is 691 prime?
True
Is 21943 prime?
True
Is 3330721 a composite number?
False
Is 356935 prime?
False
Is 62773 a composite number?
False
Is 120539 a prime number?
True
Is 9103 composite?
False
Is 23755 a prime number?
False
Is 12686 a prime number?
False
Is 297533 prime?
True
Is 3737209 a prime number?
False
Is 45547 prime?
False
Is 24751 prime?
False
Is 191297 a prime number?
True
Is 48814 a prime number?
False
Is 1037819 prime?
True
Is 100733 a composite number?
False
Is 9233 prime?
False
Is 3907 a composite number?
False
Is 219221 composite?
True
Is 1439 composite?
False
Is 44449 composite?
False
Is 6049 prime?
False
Is 4931 composite?
False
Is 166219 composite?
False
Is 109309 composite?
True
Is 455927 prime?
False
Is 304789 a prime number?
True
Is 23395 prime?
False
Is 15253 prime?
False
Is 341609 prime?
False
Is 165061 a composite number?
True
Is 1117889 prime?
True
Is 49919 a prime number?
True
Is 1361 prime?
True
Is 19289 a composite number?
False
Is 59861 prime?
False
Is 2495 prime?
False
Is 7051 a prime number?
False
Is 12979 prime?
True
Is 2333 composite?
False
Is 1967079 composite?
True
Is 587 a composite number?
False
Is 56986 a prime number?
False
Is 46969 composite?
True
Is 7327 prime?
False
Is 602483 composite?
True
Is 72607 composite?
True
Is 6499 a composite number?
True
Is 68567 composite?
False
Is 108343 a prime number?
True
Is 557657 prime?
False
Is 233867 a prime number?
False
Is 2252867 prime?
True
Is 4535 a prime number?
False
Is 1601 a composite number?
False
Is 395287 a prime number?
True
Is 2927 composite?
False
Is 392303 a composite number?
True
Is 491897 composite?
True
Is 8609 prime?
True
Is 692249 a composite number?
False
Is 32203 composite?
False
Is 7901 prime?
True
Is 152653 prime?
False
Is 134983 prime?
False
Is 160739 a composite number?
False
Is 10531 a composite number?
False
Is 5051 composite?
False
Is 380261 a composite number?
True
Is 90271 a prime number?
True
Is 15321 a composite number?
True
Is 2003447 composite?
False
Is 44249 composite?
False
Is 16495 composite?
True
Is 441157 composite?
False
Is 6593 prime?
False
Is 255613 prime?
True
Is 9199 a composite number?
False
Is 71405 composite?
True
Is 1515857 prime?
False
Is 57557 a composite number?
False
Is 128099 a prime number?
True
Is 540433 composite?
False
Is 82865 a prime number?
False
Is 123479 composite?
False
Is 553 a prime number?
False
Is 2825921 a prime number?
False
Is 3953 a composite number?
True
Is 369283 composite?
False
Is 150805 composite?
True
Is 445619 prime?
True
Is 22793 composite?
True
Is 9053 prime?
False
Is 96137 a composite number?
False
Is 12319 a prime number?
False
Is 452461 composite?
True
Is 249137 a prime number?
False
Is 327571 a prime number?
True
Is 536043 composite?
True
Is 31637 composite?
True
Is 79681 prime?
False
Is 622709 a composite number?
False
Is 15053 a prime number?
True
Is 20077 a prime number?
False
Is 24943 composite?
False
Is 133051 a composite number?
False
Is 121631 a prime number?
True
Is 17863 a composite number?
False
Is 1523 prime?
True
Is 3647 composite?
True
Is 114641 a prime number?
True
Is 16489 composite?
True
Is 3551 a prime number?
False
Is 116135 a composite number?
True
Is 191 prime?
True
Is 502277 a composite number?
False
Is 207869 composite?
False
Is 364993 a prime number?
True
Is 222137 prime?
True
Is 216791 a prime number?
True
Is 53959 a prime number?
True
Is 183779 prime?
False
Is 92687 a composite number?
True
Is 907 prime?
True
Is 500881 prime?
True
Is 145009 prime?
True
Is 37321 a composite number?
False
Is 434711 a prime number?
False
Is 4685 composite?
True
Is 304937 composite?
False
Is 3639 a prime number?
False
Is 405281 prime?
False
Is 1320247 a composite number?
False
Is 174502 a composite number?
True
Is 75479 prime?
True
Is 57389 a prime number?
True
Is 80843 composite?
True
Is 2982813 a composite number?
True
Is 243127 composite?
True
Is 8059 a composite number?
False
Is 142339 composite?
True
Is 39167 composite?
True
Is 71593 composite?
False
Is 180493 a composite number?
True
Is 120607 composite?
False
Is 6833 a composite number?
False
Is 19349 prime?
False
Is 467 composite?
False
Is 58511 composite?
False
Is 2923 a composite number?
True
Is 1354 a composite number?
True
Is 3033473 a composite number?
False
Is 9155 composite?
True
Is 52837 prime?
True
Is 77117 a prime number?
False
Is 87729 a composite number?
True
Is 7355 a prime number?
False
Is 83117 prime?
True
Is 16729 prime?
True
Is 291419 a prime number?
True
Is 198847 composite?
True
Is 2080501 a prime number?
True
Is 41297 a composite number?
True
Is 2333 composite?
False
Is 3389 prime?
True
Is 883559 composite?
True
Is 620891 prime?
False
Is 21815 a prime number?
False
Is 9613 a composite number?
False
Is 7907 prime?
True
Is 1765163 a prime number?
True
Is 258841 a composite number?
True
Is 69313 a composite number?
False
Is 10279 composite?
True
Is 12251 a composite number?
False
Is 1184269 a composite number?
False
Is 3359 composite?
False
Is 65339 a composite number?
True
Is 912001 composite?
True
Is 12797 prime?
False
Is 23143 prime?
True
Is 231649 composite?
True
Is 12531 composite?
True
Is 4387115 a prime number?
False
Is 242589 prime?
False
Is 1541 composite?
True
Is 5179 prime?
True
Is 25001 a prime number?
False
Is 12047 a composite number?
True
Is 32537 a composite number?
False
Is 485567 prime?
True
Is 24853 a prime number?
False
Is 22441 prime?
True
Is 3073 a composite number?
True
Is 67129 composite?
False
Is 89841 prime?
False
Is 4853 prime?
False
Is 905 a composite number?
True
Is 258017 a composite number?
True
Is 4328849 a composite number?
True
Is 5323 a composite number?
False
Is 27509 a composite number?
False
Is 615197 composite?
True
Is 93077 composite?
False
Is 11791 a prime number?
False
Is 303423 prime?
False
Is 218231 a composite number?
True
Is 21993 a prime number?
False
Is 20721 a prime number?
False
Is 3413 prime?
True
Is 18869 composite?
False
Is 62209 a composite number?
True
Is 1973 a composite number?
False
Is 50581 composite?
False
Is 28761 a prime number?
False
Is 18847 a composite number?